{"id":9,"date":"2013-07-02T12:58:48","date_gmt":"2013-07-02T10:58:48","guid":{"rendered":"http:\/\/bytove-domy.sk\/?page_id=9"},"modified":"2013-07-02T13:06:23","modified_gmt":"2013-07-02T11:06:23","slug":"o-nas","status":"publish","type":"page","link":"https:\/\/bytove-domy.sk\/?page_id=9","title":{"rendered":"O n\u00e1s"},"content":{"rendered":"<p><strong>Spolo\u010dnos\u0165 vznikla ako spolo\u010dnos\u0165 zabezpe\u010duj\u00faca dod\u00e1vky zdravo-technick\u00fdch a vykurovac\u00edch syst\u00e9mov pre bytov\u00e9 domy a stavby ob\u010dianskeho vybavenia.<\/strong><\/p>\n<div class='content-column one_half'><strong>BYTOV\u00c9 DOMY:<\/strong><\/p>\n<div>\u2022rozvody zdravotechniky<\/div>\n<div>\u2022rozvody vykurovania<\/div>\n<div>\u2022rozvody plynu<\/div>\n<div>\u2022hydraulick\u00e9 vyregulovanie UK a TUV<\/div>\n<div>\u2022doregulovania po zateplen\u00ed + prepo\u010dty s\u00fastav po zateplen\u00ed<\/div>\n<div>\u2022v\u00fdmenu uzatv\u00e1rac\u00edch a regula\u010dn\u00fdch armat\u00far<\/div>\n<div>\u2022izol\u00e1ciu s\u00fastav UK a ZTI \u2013 rozvody + zdroje<\/div>\n<div>\u2022v\u00fdmenu vodomerov + pomerov\u00fdch mera\u010dov elektronick\u00fdch<\/div>\n<div>\u2022\u00fapravne vody + filtre<\/div>\n<div>\u2022v\u00fdmeny vykurovac\u00edch telies<\/div>\n<div>\u2022sol\u00e1rne zostavy + tepeln\u00e9 \u010derpadl\u00e1<\/div>\n<div>\u2022odovzd\u00e1vacie stanice domov\u00e9 aj bytov\u00e9<\/div>\n<div>\u2022predizolovan\u00e9 potrubn\u00e9 syst\u00e9my<\/div>\n<div>\u2022stla\u010den\u00fd vzduch<\/div>\n<div>\u2022NTL + STL + VTP plynovod + priemyseln\u00e9 plynovody<\/div>\n<div>\u2022v\u00fdrobky z kovu \u2013 balk\u00f3ny+ pr\u00edstre\u0161ky aj \u017eiarovo zinkovan\u00e9<\/div>\n<\/div>\n<div class='content-column one_half last_column'><strong>RODINN\u00c9 DOMY:<\/strong><\/p>\n<div>\u2022v\u00fdmeny kotlov teplovodn\u00fdch plynovodn\u00fdch<\/div>\n<div>\u2022v\u00fdmeny kotlov kondenza\u010dn\u00fdch plynov\u00fdch<\/div>\n<div>\u2022v\u00fdmeny kotlov na pevn\u00e9 paliv\u00e1<\/div>\n<div>\u2022v\u00fdmeny radi\u00e1torov + podlahov\u00fdch konvektorov<\/div>\n<div>\u2022et\u00e1\u017eov\u00e9 vykurovacie syst\u00e9my<\/div>\n<div>\u2022podlahov\u00e9 vykurovacie syst\u00e9my<\/div>\n<div>\u2022stenov\u00e9 vykurovacie syst\u00e9my<\/div>\n<div>\u2022sol\u00e1rne syst\u00e9my ploch\u00fdch a v\u00e1kuov\u00fdch kolektorov<\/div>\n<div>\u2022tepeln\u00e9 \u010derpadl\u00e1 do s\u00fastav RD<\/div>\n<div>\u2022rekon\u0161trukcie bytov\u00fdch jadier<\/div>\n<\/div>\n<div class='clear_column'><\/div>\n","protected":false},"excerpt":{"rendered":"<p>Spolo\u010dnos\u0165 vznikla ako spolo\u010dnos\u0165 zabezpe\u010duj\u00faca dod\u00e1vky zdravo-technick\u00fdch a vykurovac\u00edch syst\u00e9mov pre bytov\u00e9 domy a stavby ob\u010dianskeho vybavenia.<\/p>\n","protected":false},"author":1,"featured_media":0,"parent":0,"menu_order":0,"comment_status":"open","ping_status":"open","template":"onecolumn-page.php","meta":[],"_links":{"self":[{"href":"https:\/\/bytove-domy.sk\/index.php?rest_route=\/wp\/v2\/pages\/9"}],"collection":[{"href":"https:\/\/bytove-domy.sk\/index.php?rest_route=\/wp\/v2\/pages"}],"about":[{"href":"https:\/\/bytove-domy.sk\/index.php?rest_route=\/wp\/v2\/types\/page"}],"author":[{"embeddable":true,"href":"https:\/\/bytove-domy.sk\/index.php?rest_route=\/wp\/v2\/users\/1"}],"replies":[{"embeddable":true,"href":"https:\/\/bytove-domy.sk\/index.php?rest_route=%2Fwp%2Fv2%2Fcomments&post=9"}],"version-history":[{"count":1,"href":"https:\/\/bytove-domy.sk\/index.php?rest_route=\/wp\/v2\/pages\/9\/revisions"}],"predecessor-version":[{"id":21,"href":"https:\/\/bytove-domy.sk\/index.php?rest_route=\/wp\/v2\/pages\/9\/revisions\/21"}],"wp:attachment":[{"href":"https:\/\/bytove-domy.sk\/index.php?rest_route=%2Fwp%2Fv2%2Fmedia&parent=9"}],"curies":[{"name":"wp","href":"https:\/\/api.w.org\/{rel}","templated":true}]}}